rs of 18987915.
3, 5, 1265861
List the prime factors of 209062.
2, 7, 109, 137
List the prime factors of 3192224.
2, 7, 14251
What are the prime factors of 501889?
501889
What are the prime factors of 156078?
2, 3, 13, 23, 29
List the prime factors of 4412100.
2, 3, 5, 7, 11, 191
What are the prime factors of 620699?
41, 15139
What are the prime factors of 2340?
2, 3, 5, 13
What are the prime factors of 37392889?
907, 41227
List the prime factors of 1360067.
1360067
What are the prime factors of 17361804?
2, 3, 521, 2777
What are the prime factors of 189166?
2, 94583
List the prime factors of 907767.
3, 7, 1601
What are the prime factors of 473101?
473101
What are the prime factors of 222927?
3, 19, 3911
List the prime factors of 1535382.
2, 3, 28433
What are the prime factors of 419008?
2, 6547
List the prime factors of 1886707.
919, 2053
What are the prime factors of 191788?
2, 47947
List the prime factors of 336907.
199, 1693
List the prime factors of 22431241.
7, 3204463
What are the prime factors of 1399137?
3, 331, 1409
What are the prime factors of 231640?
2, 5, 5791
List the prime factors of 826567.
7, 118081
List the prime factors of 6503.
7, 929
List the prime factors of 94159.
13, 7243
What are the prime factors of 2583513?
3, 287057
List the prime factors of 20285692.
2, 7, 17, 19, 2243
What are the prime factors of 292993?
292993
List the prime factors of 2020322.
2, 181, 5581
What are the prime factors of 3616150?
2, 5, 31, 2333
List the prime factors of 872144.
2, 7, 13, 599
List the prime factors of 1076312.
2, 19, 73, 97
What are the prime factors of 25353195?
3, 5, 7, 31, 7789
List the prime factors of 3575782.
2, 7, 255413
What are the prime factors of 931175?
5, 7, 17, 313
List the prime factors of 1349238.
2, 3, 11, 20443
What are the prime factors of 195957?
3, 21773
List the prime factors of 3923301.
3, 1307767
List the prime factors of 833673.
3, 277891
List the prime factors of 1968805.
5, 393761
What are the prime factors of 29800502?
2, 23, 647837
List the prime factors of 588238.
2, 7, 42017
List the prime factors of 2236439.
103, 21713
What are the prime factors of 13828937?
13828937
What are the prime factors of 104321?
7, 2129
List the prime factors of 130302.
2, 3, 19, 127
List the prime factors of 67456.
2, 17, 31
What are the prime factors of 2272732?
2, 7, 11, 47, 157
List the prime factors of 8360.
2, 5, 11, 19
What are the prime factors of 4745002?
2, 2372501
List the prime factors of 6025653.
3, 193, 3469
List the prime factors of 1396354.
2, 241, 2897
What are the prime factors of 1423423?
19, 3943
List the prime factors of 1854401.
239, 7759
What are the prime factors of 553404?
2, 3, 107, 431
What are the prime factors of 2535975?
3, 5, 13, 17
List the prime factors of 2250394.
2, 79, 14243
What are the prime factors of 8581573?
7, 11, 13, 8573
What are the prime factors of 276023?
11, 23, 1091
List the prime factors of 4946.
2, 2473
What are the prime factors of 1577331?
3, 7, 25037
List the prime factors of 1547590.
2, 5, 11, 1279
List the prime factors of 4499191.
23, 199, 983
List the prime factors of 196874.
2, 173, 569
What are the prime factors of 631023?
3, 17, 12373
List the prime factors of 1501215.
3, 5, 41, 2441
List the prime factors of 638614.
2, 149, 2143
What are the prime factors of 359877?
3, 7, 17137
List the prime factors of 55491.
3, 53, 349
List the prime factors of 75519.
3, 2797
What are the prime factors of 2274619?
191, 11909
What are the prime factors of 11144586?
2, 3, 71, 26161
List the prime factors of 566325.
3, 5, 839
What are the prime factors of 243456?
2, 3, 317
List the prime factors of 4502368.
2, 13, 79, 137
What are the prime factors of 1769579?
7, 43, 5879
List the prime factors of 101109.
3, 33703
What are the prime factors of 5825309?
7, 191, 4357
List the prime factors of 1371434.
2, 685717
What are the prime factors of 4595340?
2, 3, 5, 19, 29, 139
What are the prime factors of 1318298?
2, 167, 3947
What are the prime factors of 346437?
3, 7, 13, 47
List the prime factors of 8658821.
1061, 8161
List the prime factors of 12771474.
2, 3, 227, 9377
List the prime factors of 16818315.
3, 5, 1121221
List the prime factors of 970251.
3, 37, 8741
List the prime factors of 2296828.
2, 283, 2029
List the prime factors of 566853.
3, 7, 26993
List the prime factors of 7671912.
2, 3, 293, 1091
List the prime factors of 5544133.
7, 29, 31, 881
List the prime factors of 645422.
2, 17, 41, 463
List the prime factors of 1191303.
3, 132367
List the prime factors of 14800.
2, 5, 37
List the prime factors of 780442.
2, 13, 2309
List the prime factors of 374540.
2, 5, 61, 307
What are the prime factors of 21690203?
127, 233, 733
What are the prime factors of 4008714?
2, 3, 433, 1543
List the prime factors of 303800.
2, 5, 7, 31
List the prime factors of 3926158.
2, 43, 71, 643
List the prime factors of 504005.
5, 100801
List the prime factors of 12738578.
2, 43, 148123
List the prime factors of 28943485.
5, 5788697
What are the prime factors of 3462178?
2, 677, 2557
List the prime factors of 1717652.
2, 429413
What are the prime factors of 200214?
2, 3, 7, 227
What are the prime factors of 4499066?
2, 11, 13, 15731
List the prime factors of 19363400.
2, 5, 7, 13831
List the prime factors of 3083688.
2, 3, 42829
What are the prime factors of 1217967?
3, 405989
List the prime factors of 249963.
3, 7, 11903
What are the prime factors of 107594?
2, 23, 2339
List the prime factors of 376641.
3, 41849
List the prime factors of 667259.
47, 14197
What are the prime factors of 354062?
2, 23, 43, 179
List the prime factors of 447435.
3, 5, 61, 163
List the prime factors of 3729464.
2, 466183
What are the prime factors of 92934?
2, 3, 1721
List the prime factors of 114263.
163, 701
What are the prime factors of 281537?
17, 16561
What are the prime factors of 105208?
2, 13151
What are the prime factors of 1858902?
2, 3, 359, 863
List the prime factors of 138018.
2, 3, 23003
What are the prime factors of 25990?
2, 5, 23, 113
List the prime factors of 2758901.
2758901
List the prime factors of 11628509.
11628509
List the prime factors of 1594627.
523, 3049
What are the prime factors of 1547679?
3, 7, 73699
List the prime factors of 11260652.
2, 13, 216551
What are the prime factors of 889401?
3, 29, 10223
What are the prime factors of 280226?
2, 167, 839
What are the prime factors of 831022?
2, 19, 1151
What are the prime factors of 2093336?
2, 7, 29, 1289
List the prime factors of 5984723.
1801, 3323
List the prime factors of 832001.
137, 6073
What are the prime factors of 13485842?
2, 6742921
List the prime factors of 747498.
2, 3, 19, 79, 83
List the prime factors of 1104391.
23, 48017
What are the prime factors of 11967967?
11, 19, 173, 331
List the prime factors of 114154.
2, 57077
List the prime factors of 1241901.
3, 17, 8117
What are the prime factors of 769967?
11, 69997
What are the prime factors of 16245978?
2, 3, 7, 386809
What are the prime factors of 170191?
7, 41, 593
What are the prime factors of 14924647?
29, 514643
What are the prime factors of 485517?
3, 161839
List the prime factors of 1461265.
5, 13, 22481
What are the prime factors of 65162?
2, 31, 1051
List the prime factors of 246475.
5, 9859
What are the prime factors of 2063011?
43, 47977
What are the prime factors of 92968?
2, 11621
List the prime factors of 9694859.
89, 97, 1123
List the prime factors of 1240777.
1240777
List the prime factors of 14244418.
2, 7122209
List the prime factors of 741599.
741599
List the prime factors of 1635849.
3, 43, 1409
List the prime factors of 332021.
29, 107
What are the prime factors of 355018?
2, 29, 6121
What are the prime factors of 1634631?
3, 544877
What are the prime factors of 6828869?
6828869
List the prime factors of 30292.
2, 7573
List the prime factors of 4313721.
3, 29, 179, 277
What are the prime factors of 1009277?
379, 2663
What are the prime factors of 19993962?
2, 3, 823, 4049
What are the prime factors of 12619770?
2, 3, 5, 317, 1327
List the prime factors of 2408300.
2, 5, 24083
What are the prime factors of 283657?
11, 107, 241
List the prime factors of 323153.
17, 19009
List the prime factors of 11085828.
2, 3, 13, 179, 397
List the prime factors of 102